{"id":22,"date":"2021-10-05T22:47:57","date_gmt":"2021-10-05T19:47:57","guid":{"rendered":"https:\/\/wdrteknoloji.com.tr\/demo\/?page_id=22"},"modified":"2022-04-21T18:31:42","modified_gmt":"2022-04-21T15:31:42","slug":"anasayfa","status":"publish","type":"page","link":"https:\/\/wdrteknoloji.com.tr\/","title":{"rendered":"Anasayfa"},"content":{"rendered":"<div class=\"post-content\"><div id=\"pl-22\"  class=\"panel-layout\" ><div id=\"pg-22-0\"  class=\"panel-grid panel-has-style\" ><div class=\"siteorigin-panels-stretch panel-row-style panel-row-style-for-22-0\" data-stretch-type=\"full-stretched\" ><div id=\"pgc-22-0-0\"  class=\"panel-grid-cell\" ><div id=\"panel-22-0-0-0\" class=\"so-panel widget widget_sow-editor panel-first-child panel-last-child\" data-index=\"0\" ><div class=\"so-widget-sow-editor so-widget-sow-editor-base\">\n<div class=\"siteorigin-widget-tinymce textwidget\">\n\t<div style=\"display: none;\" class=\"crellyslider-slider crellyslider-slider-full-width crellyslider-slider-ana crellyslider-1\" id=\"crellyslider-1\">\n<ul>\n<li\nstyle=\"\nbackground-color: transparent;\nbackground-image: url('https:\/\/wdrteknoloji.com.tr\/wp-content\/uploads\/2022\/04\/g1.jpg');\nbackground-position: center center;\nbackground-repeat: no-repeat;\nbackground-size: cover;\n\n\"\ndata-in=\"fade\"\ndata-ease-in=\"1000\"\ndata-out=\"fade\"\ndata-ease-out=\"1000\"\ndata-time=\"5000\"\n>\n<div\nclass=\"\"\nstyle=\"z-index: 1;\n\n\"\ndata-delay=\"0\"\ndata-ease-in=\"1200\"\ndata-ease-out=\"1300\"\ndata-in=\"fadeRight\"\ndata-out=\"fadeLeft\"\ndata-ignore-ease-out=\"0\"\ndata-top=\"271\"\ndata-left=\"129\"\ndata-time=\"all\"\n><span style=\"font-size: 47px; color: #ffffff; background-color: #333333;\">G\u00fcvenlik Kamera Sistemleri<\/span><\/div>\n<\/li>\n<li\nstyle=\"\nbackground-color: transparent;\nbackground-image: url('https:\/\/wdrteknoloji.com.tr\/wp-content\/uploads\/2022\/04\/g2.jpg');\nbackground-position: center center;\nbackground-repeat: no-repeat;\nbackground-size: cover;\n\n\"\ndata-in=\"fade\"\ndata-ease-in=\"1000\"\ndata-out=\"fade\"\ndata-ease-out=\"1000\"\ndata-time=\"5000\"\n>\n<div\nclass=\"\"\nstyle=\"z-index: 1;\n\n\"\ndata-delay=\"0\"\ndata-ease-in=\"1200\"\ndata-ease-out=\"1300\"\ndata-in=\"fadeRight\"\ndata-out=\"fadeLeft\"\ndata-ignore-ease-out=\"0\"\ndata-top=\"271\"\ndata-left=\"86\"\ndata-time=\"all\"\n><span style=\"font-size: 47px; color: #ffffff; background-color: #333333;\">H\u0131rs\u0131z Alarm \u0130hbar \u00c7\u00f6z\u00fcmleri<\/span><\/div>\n<\/li>\n<li\nstyle=\"\nbackground-color: transparent;\nbackground-image: url('https:\/\/wdrteknoloji.com.tr\/wp-content\/uploads\/2022\/04\/g3.jpg');\nbackground-position: center center;\nbackground-repeat: no-repeat;\nbackground-size: cover;\n\n\"\ndata-in=\"fadeLeft\"\ndata-ease-in=\"1000\"\ndata-out=\"fadeRight\"\ndata-ease-out=\"1000\"\ndata-time=\"5000\"\n>\n<div\nclass=\"\"\nstyle=\"z-index: 1;\n\n\"\ndata-delay=\"0\"\ndata-ease-in=\"1200\"\ndata-ease-out=\"1300\"\ndata-in=\"fadeRight\"\ndata-out=\"fadeLeft\"\ndata-ignore-ease-out=\"0\"\ndata-top=\"271\"\ndata-left=\"86\"\ndata-time=\"all\"\n><span style=\"font-size: 47px; color: #ffffff; background-color: #333333;\">Yangin Alg\u0131lama ve ihbar Sistemleri<\/span><\/div>\n<\/li>\n<li\nstyle=\"\nbackground-color: transparent;\nbackground-image: url('https:\/\/wdrteknoloji.com.tr\/wp-content\/uploads\/2022\/04\/g4.jpg');\nbackground-position: center center;\nbackground-repeat: no-repeat;\nbackground-size: cover;\n\n\"\ndata-in=\"fadeLeft\"\ndata-ease-in=\"1000\"\ndata-out=\"fadeRight\"\ndata-ease-out=\"1000\"\ndata-time=\"5000\"\n>\n<div\nclass=\"\"\nstyle=\"z-index: 1;\n\n\"\ndata-delay=\"0\"\ndata-ease-in=\"1200\"\ndata-ease-out=\"1300\"\ndata-in=\"fadeRight\"\ndata-out=\"fadeLeft\"\ndata-ignore-ease-out=\"0\"\ndata-top=\"277\"\ndata-left=\"113\"\ndata-time=\"all\"\n><span style=\"font-size: 47px; color: #ffffff; background-color: #333333;\">Alarm Haber Alma Merkezi<\/span><\/div>\n<\/li>\n<li\nstyle=\"\nbackground-color: transparent;\nbackground-image: url('https:\/\/wdrteknoloji.com.tr\/wp-content\/uploads\/2022\/04\/g5.jpg');\nbackground-position: center center;\nbackground-repeat: no-repeat;\nbackground-size: cover;\n\n\"\ndata-in=\"fadeLeft\"\ndata-ease-in=\"1000\"\ndata-out=\"fadeRight\"\ndata-ease-out=\"1000\"\ndata-time=\"5000\"\n>\n<\/li>\n<\/ul>\n<\/div>\n<script type=\"text\/javascript\">\n(function($) {\n$(document).ready(function() {\n$(\"#crellyslider-1\").crellySlider({\nlayout: 'full-width',\nresponsive: 1,\nstartWidth: 1600,\nstartHeight: 550,\nautomaticSlide: 1,\nshowControls: 1,\nshowNavigation: 1,\nenableSwipe: 0,\nshowProgressBar: 0,\npauseOnHover: 0,\nrandomOrder: 0,\nstartFromSlide: 0,\nbeforeStart : function() {},\nbeforeSetResponsive : function() {},\nbeforeSlideStart : function() {},\nbeforePause\t: function() {},\nbeforeResume : function() {},\n});\n});\n})(jQuery);\n<\/script>\n\n<\/div>\n<\/div><\/div><\/div><\/div><\/div><div id=\"pg-22-1\"  class=\"panel-grid panel-no-style\" ><div id=\"pgc-22-1-0\"  class=\"panel-grid-cell panel-grid-cell-empty\" ><\/div><div id=\"pgc-22-1-1\"  class=\"panel-grid-cell panel-grid-cell-mobile-last\" ><div id=\"panel-22-1-1-0\" class=\"so-panel widget widget_sow-editor panel-first-child panel-last-child\" data-index=\"1\" ><div class=\"so-widget-sow-editor so-widget-sow-editor-base\">\n<div class=\"siteorigin-widget-tinymce textwidget\">\n\t<h2 class=\"section-title\" style=\"text-align: center;\"><span style=\"color: #0000ff;\">WDR Teknoloji<\/span><\/h2>\n<div class=\"section-desc\">\n<h4 style=\"text-align: center;\">WDR Teknoloji, T\u00fcm T\u00fcrkiyedeki servis a\u011f\u0131yla elektronik g\u00fcvenlik teknolojileri , IOT, Bili\u015fim ve Yaz\u0131l\u0131m alanlar\u0131n\u0131 tek \u00e7at\u0131 alt\u0131nda toplayabilen, ihtiya\u00e7 duyulan bu alanlarda m\u00fc\u015fterilerine engin tecr\u00fcbesi ve ekibiyle, hizmet veren bir firmad\u0131r. <\/h4>\n<\/div>\n<\/div>\n<\/div><\/div><\/div><div id=\"pgc-22-1-2\"  class=\"panel-grid-cell panel-grid-cell-empty\" ><\/div><\/div><div id=\"pg-22-2\"  class=\"panel-grid panel-no-style\" ><div id=\"pgc-22-2-0\"  class=\"panel-grid-cell panel-grid-cell-empty\" ><\/div><div id=\"pgc-22-2-1\"  class=\"panel-grid-cell panel-grid-cell-mobile-last\" ><div id=\"panel-22-2-1-0\" class=\"so-panel widget widget_siteorigin-panels-builder panel-first-child panel-last-child\" data-index=\"2\" ><div id=\"pl-w617025408b14c\"  class=\"panel-layout\" ><div id=\"pg-w617025408b14c-0\"  class=\"panel-grid panel-no-style\" ><div id=\"pgc-w617025408b14c-0-0\"  class=\"panel-grid-cell\" ><div id=\"panel-w617025408b14c-0-0-0\" class=\"so-panel widget widget_sow-editor panel-first-child panel-last-child\" data-index=\"0\" ><div class=\"so-widget-sow-editor so-widget-sow-editor-base\">\n<div class=\"siteorigin-widget-tinymce textwidget\">\n\t<p><img loading=\"lazy\" class=\"alignnone size-full wp-image-84 aligncenter\" src=\"https:\/\/wdrteknoloji.com.tr\/demo\/wp-content\/uploads\/2021\/10\/ic1.jpg\" alt=\"\" width=\"68\" height=\"68\" \/><\/p>\n<p style=\"text-align: center;\"><strong>H\u0131zl\u0131 Teknik Servis<\/strong><\/p>\n<\/div>\n<\/div><\/div><\/div><div id=\"pgc-w617025408b14c-0-1\"  class=\"panel-grid-cell\" ><div id=\"panel-w617025408b14c-0-1-0\" class=\"so-panel widget widget_sow-editor panel-first-child panel-last-child\" data-index=\"1\" ><div class=\"so-widget-sow-editor so-widget-sow-editor-base\">\n<div class=\"siteorigin-widget-tinymce textwidget\">\n\t<p><img loading=\"lazy\" class=\"alignnone size-full wp-image-85 aligncenter\" src=\"https:\/\/wdrteknoloji.com.tr\/demo\/wp-content\/uploads\/2021\/10\/ic2.jpg\" alt=\"\" width=\"68\" height=\"68\" \/><\/p>\n<p style=\"text-align: center;\"><strong>Kaliteli \u0130\u015f\u00e7ilik<\/strong><\/p>\n<\/div>\n<\/div><\/div><\/div><div id=\"pgc-w617025408b14c-0-2\"  class=\"panel-grid-cell\" ><div id=\"panel-w617025408b14c-0-2-0\" class=\"so-panel widget widget_sow-editor panel-first-child panel-last-child\" data-index=\"2\" ><div class=\"so-widget-sow-editor so-widget-sow-editor-base\">\n<div class=\"siteorigin-widget-tinymce textwidget\">\n\t<p><img loading=\"lazy\" class=\"alignnone size-full wp-image-86 aligncenter\" src=\"https:\/\/wdrteknoloji.com.tr\/demo\/wp-content\/uploads\/2021\/10\/ic3.jpg\" alt=\"\" width=\"68\" height=\"68\" \/><\/p>\n<p style=\"text-align: center;\"><strong>\u00c7a\u011fr\u0131 Merkezi<\/strong><\/p>\n<\/div>\n<\/div><\/div><\/div><div id=\"pgc-w617025408b14c-0-3\"  class=\"panel-grid-cell\" ><div id=\"panel-w617025408b14c-0-3-0\" class=\"so-panel widget widget_sow-editor panel-first-child panel-last-child\" data-index=\"3\" ><div class=\"so-widget-sow-editor so-widget-sow-editor-base\">\n<div class=\"siteorigin-widget-tinymce textwidget\">\n\t<p><img loading=\"lazy\" class=\"alignnone size-full wp-image-87 aligncenter\" src=\"https:\/\/wdrteknoloji.com.tr\/demo\/wp-content\/uploads\/2021\/10\/ic4.jpg\" alt=\"\" width=\"68\" height=\"68\" \/><\/p>\n<p style=\"text-align: center;\"><strong>Garantili Teknik Servis<\/strong><\/p>\n<\/div>\n<\/div><\/div><\/div><div id=\"pgc-w617025408b14c-0-4\"  class=\"panel-grid-cell\" ><div id=\"panel-w617025408b14c-0-4-0\" class=\"so-panel widget widget_sow-editor panel-first-child panel-last-child\" data-index=\"4\" ><div class=\"so-widget-sow-editor so-widget-sow-editor-base\">\n<div class=\"siteorigin-widget-tinymce textwidget\">\n\t<p><img loading=\"lazy\" class=\"alignnone size-full wp-image-88 aligncenter\" src=\"https:\/\/wdrteknoloji.com.tr\/demo\/wp-content\/uploads\/2021\/10\/ic5.jpg\" alt=\"\" width=\"68\" height=\"68\" \/><\/p>\n<p style=\"text-align: center;\"><strong>Profesyonel Servis A\u011f\u0131<\/strong><\/p>\n<\/div>\n<\/div><\/div><\/div><\/div><\/div><\/div><\/div><div id=\"pgc-22-2-2\"  class=\"panel-grid-cell panel-grid-cell-empty\" ><\/div><\/div><div id=\"pg-22-3\"  class=\"panel-grid panel-has-style\" ><div class=\"panel-row-style panel-row-style-for-22-3\" ><div id=\"pgc-22-3-0\"  class=\"panel-grid-cell panel-grid-cell-empty\" ><\/div><div id=\"pgc-22-3-1\"  class=\"panel-grid-cell panel-grid-cell-mobile-last\" ><div id=\"panel-22-3-1-0\" class=\"so-panel widget widget_sow-editor panel-first-child\" data-index=\"3\" ><div class=\"so-widget-sow-editor so-widget-sow-editor-base\">\n<div class=\"siteorigin-widget-tinymce textwidget\">\n\t<h2 class=\"section-title\" style=\"text-align: center;\"><span style=\"color: #ffffff;\">Hizmetlerimiz<\/span><\/h2>\n<\/div>\n<\/div><\/div><div id=\"panel-22-3-1-1\" class=\"so-panel widget widget_siteorigin-panels-builder panel-last-child\" data-index=\"4\" ><div id=\"pl-w6254af4132f05\"  class=\"panel-layout\" ><div id=\"pg-w6254af4132f05-0\"  class=\"panel-grid panel-no-style\" ><div id=\"pgc-w6254af4132f05-0-0\"  class=\"panel-grid-cell\" ><div id=\"panel-w6254af4132f05-0-0-0\" class=\"so-panel widget widget_sow-editor panel-first-child panel-last-child\" data-index=\"0\" ><div class=\"so-widget-sow-editor so-widget-sow-editor-base\">\n<div class=\"siteorigin-widget-tinymce textwidget\">\n\t<p><a href=\"https:\/\/wdrteknoloji.com.tr\/demo\/index.php\/zayif-akim-sistemleri\/\"><img loading=\"lazy\" class=\"alignnone size-full wp-image-340 aligncenter\" src=\"https:\/\/wdrteknoloji.com.tr\/demo\/wp-content\/uploads\/2022\/04\/o1.jpg\" alt=\"\" width=\"250\" height=\"300\" \/><\/a><\/p>\n<p style=\"text-align: center;\"><span style=\"color: #ffffff;\"><strong>Zay\u0131f Ak\u0131m Sistemleri<\/strong><\/span><\/p>\n<\/div>\n<\/div><\/div><\/div><div id=\"pgc-w6254af4132f05-0-1\"  class=\"panel-grid-cell\" ><div id=\"panel-w6254af4132f05-0-1-0\" class=\"so-panel widget widget_sow-editor panel-first-child panel-last-child\" data-index=\"1\" ><div class=\"so-widget-sow-editor so-widget-sow-editor-base\">\n<div class=\"siteorigin-widget-tinymce textwidget\">\n\t<p><a href=\"https:\/\/wdrteknoloji.com.tr\/demo\/index.php\/bilgi-teknolojileri\/\"><img loading=\"lazy\" class=\"alignnone size-full wp-image-341 aligncenter\" src=\"https:\/\/wdrteknoloji.com.tr\/demo\/wp-content\/uploads\/2022\/04\/o2.jpg\" alt=\"\" width=\"250\" height=\"300\" \/><\/a><\/p>\n<p style=\"text-align: center;\"><span style=\"color: #ffffff;\"><strong>Bilgi Teknolojileri<\/strong><\/span><\/p>\n<\/div>\n<\/div><\/div><\/div><div id=\"pgc-w6254af4132f05-0-2\"  class=\"panel-grid-cell\" ><div id=\"panel-w6254af4132f05-0-2-0\" class=\"so-panel widget widget_sow-editor panel-first-child panel-last-child\" data-index=\"2\" ><div class=\"so-widget-sow-editor so-widget-sow-editor-base\">\n<div class=\"siteorigin-widget-tinymce textwidget\">\n\t<p><a href=\"https:\/\/wdrteknoloji.com.tr\/demo\/index.php\/iot-hizmetleri\/\"><img loading=\"lazy\" class=\"alignnone size-full wp-image-342 aligncenter\" src=\"https:\/\/wdrteknoloji.com.tr\/demo\/wp-content\/uploads\/2022\/04\/o3.jpg\" alt=\"\" width=\"250\" height=\"300\" \/><\/a><\/p>\n<p style=\"text-align: center;\"><span style=\"color: #ffffff;\"><strong>IOT Hizmetleri<\/strong><\/span><\/p>\n<\/div>\n<\/div><\/div><\/div><div id=\"pgc-w6254af4132f05-0-3\"  class=\"panel-grid-cell\" ><div id=\"panel-w6254af4132f05-0-3-0\" class=\"so-panel widget widget_sow-editor panel-first-child panel-last-child\" data-index=\"3\" ><div class=\"so-widget-sow-editor so-widget-sow-editor-base\">\n<div class=\"siteorigin-widget-tinymce textwidget\">\n\t<p><a href=\"https:\/\/wdrteknoloji.com.tr\/demo\/index.php\/alarm-ve-haber-alma-merkezi\/\"><img loading=\"lazy\" class=\"alignnone size-full wp-image-343 aligncenter\" src=\"https:\/\/wdrteknoloji.com.tr\/demo\/wp-content\/uploads\/2022\/04\/o4.jpg\" alt=\"\" width=\"250\" height=\"300\" \/><\/a><\/p>\n<p style=\"text-align: center;\"><span style=\"color: #ffffff;\"><strong>Alarm ve Haber Alma Merkezi<\/strong><\/span><\/p>\n<\/div>\n<\/div><\/div><\/div><\/div><\/div><\/div><\/div><div id=\"pgc-22-3-2\"  class=\"panel-grid-cell panel-grid-cell-empty\" ><\/div><\/div><\/div><div id=\"pg-22-4\"  class=\"panel-grid panel-no-style\" ><div id=\"pgc-22-4-0\"  class=\"panel-grid-cell panel-grid-cell-empty\" ><\/div><div id=\"pgc-22-4-1\"  class=\"panel-grid-cell panel-grid-cell-mobile-last\" ><div id=\"panel-22-4-1-0\" class=\"so-panel widget widget_sow-editor panel-first-child\" data-index=\"5\" ><div class=\"so-widget-sow-editor so-widget-sow-editor-base\">\n<div class=\"siteorigin-widget-tinymce textwidget\">\n\t<h2 class=\"section-title\" style=\"text-align: center;\"><span style=\"color: #0000ff;\">Alarm ve Haber Alma Merkezi<\/span><\/h2>\n<\/div>\n<\/div><\/div><div id=\"panel-22-4-1-1\" class=\"so-panel widget widget_siteorigin-panels-builder panel-last-child\" data-index=\"6\" ><div id=\"pl-w62549f8e5985b\"  class=\"panel-layout\" ><div id=\"pg-w62549f8e5985b-0\"  class=\"panel-grid panel-no-style\" ><div id=\"pgc-w62549f8e5985b-0-0\"  class=\"panel-grid-cell panel-grid-cell-empty\" ><\/div><div id=\"pgc-w62549f8e5985b-0-1\"  class=\"panel-grid-cell\" ><div id=\"panel-w62549f8e5985b-0-1-0\" class=\"so-panel widget widget_sow-editor panel-first-child panel-last-child\" data-index=\"0\" ><div class=\"so-widget-sow-editor so-widget-sow-editor-base\">\n<div class=\"siteorigin-widget-tinymce textwidget\">\n\t<p><img loading=\"lazy\" class=\"alignnone size-full wp-image-350\" src=\"https:\/\/wdrteknoloji.com.tr\/demo\/wp-content\/uploads\/2022\/04\/hiz-goruntuleme-59623-2534725.jpg\" alt=\"\" width=\"960\" height=\"479\" srcset=\"https:\/\/wdrteknoloji.com.tr\/wp-content\/uploads\/2022\/04\/hiz-goruntuleme-59623-2534725.jpg 960w, https:\/\/wdrteknoloji.com.tr\/wp-content\/uploads\/2022\/04\/hiz-goruntuleme-59623-2534725-300x150.jpg 300w, https:\/\/wdrteknoloji.com.tr\/wp-content\/uploads\/2022\/04\/hiz-goruntuleme-59623-2534725-768x383.jpg 768w\" sizes=\"(max-width: 960px) 100vw, 960px\" \/><\/p>\n<\/div>\n<\/div><\/div><\/div><div id=\"pgc-w62549f8e5985b-0-2\"  class=\"panel-grid-cell panel-grid-cell-mobile-last\" ><div id=\"panel-w62549f8e5985b-0-2-0\" class=\"so-panel widget widget_sow-editor panel-first-child panel-last-child\" data-index=\"1\" ><div class=\"so-widget-sow-editor so-widget-sow-editor-base\">\n<div class=\"siteorigin-widget-tinymce textwidget\">\n\t<h4>Alarm haber alma merkezi y\u0131lda 365 g\u00fcn, g\u00fcnde 24 saat e\u011fitimli uzmanlar taraf\u0131ndan 24 saat \u00e7al\u0131\u015fan, son derece g\u00fcvenli bir izleme istasyonudur. AHM ekipleri, izinsiz giri\u015f alarmlar\u0131n\u0131, yang\u0131n alarmlar\u0131n\u0131, panik alarmlar\u0131n\u0131, savunmas\u0131z insan izleme sistemlerini ve CCTV'yi izlemek i\u00e7in e\u011fitilmi\u015ftir.<\/h4>\n<\/div>\n<\/div><\/div><\/div><div id=\"pgc-w62549f8e5985b-0-3\"  class=\"panel-grid-cell panel-grid-cell-empty\" ><\/div><\/div><\/div><\/div><\/div><div id=\"pgc-22-4-2\"  class=\"panel-grid-cell panel-grid-cell-empty\" ><\/div><\/div><div id=\"pg-22-5\"  class=\"panel-grid panel-has-style\" ><div class=\"panel-row-style panel-row-style-for-22-5\" ><div id=\"pgc-22-5-0\"  class=\"panel-grid-cell panel-grid-cell-empty\" ><\/div><div id=\"pgc-22-5-1\"  class=\"panel-grid-cell panel-grid-cell-mobile-last\" ><div id=\"panel-22-5-1-0\" class=\"so-panel widget widget_sow-editor panel-first-child\" data-index=\"7\" ><div class=\"so-widget-sow-editor so-widget-sow-editor-base\">\n<div class=\"siteorigin-widget-tinymce textwidget\">\n\t<\/div>\n<\/div><\/div><div id=\"panel-22-5-1-1\" class=\"so-panel widget widget_siteorigin-panels-builder panel-last-child\" data-index=\"8\" ><div id=\"pl-w626178de063f0\"  class=\"panel-layout\" ><div id=\"pg-w626178de063f0-0\"  class=\"panel-grid panel-no-style\" ><div id=\"pgc-w626178de063f0-0-0\"  class=\"panel-grid-cell\" ><div id=\"panel-w626178de063f0-0-0-0\" class=\"so-panel widget widget_sow-editor panel-first-child panel-last-child\" data-index=\"0\" ><div class=\"so-widget-sow-editor so-widget-sow-editor-base\">\n<div class=\"siteorigin-widget-tinymce textwidget\">\n\t<h4 class=\"section-title\"><span style=\"color: #ffffff;\"><strong>WDR Teknoloji<\/strong><\/span><\/h4>\n<p><span style=\"color: #ffffff;\">WDR Teknoloji, T\u00fcm T\u00fcrkiyedeki servis a\u011f\u0131yla \u0130zmir merkezli, elektronik g\u00fcvenlik teknolojileri , IOT, bili\u015fim ve yaz\u0131l\u0131m alanlar\u0131n\u0131 tek \u00e7at\u0131 alt\u0131nda toplayabilen, ihtiya\u00e7 duyulan bu alanlarda m\u00fc\u015fterilerine engin tecr\u00fcbesi ve ekibiyle, hizmet veren bir firmad\u0131r.<\/span><\/p>\n<\/div>\n<\/div><\/div><\/div><div id=\"pgc-w626178de063f0-0-1\"  class=\"panel-grid-cell\" ><div id=\"panel-w626178de063f0-0-1-0\" class=\"so-panel widget widget_sow-editor panel-first-child panel-last-child\" data-index=\"1\" ><div class=\"so-widget-sow-editor so-widget-sow-editor-base\">\n<div class=\"siteorigin-widget-tinymce textwidget\">\n\t<h4><span style=\"color: #ffffff;\">Men\u00fcler<\/span><\/h4>\n<ul>\n<li><span style=\"color: #ffffff;\">Zay\u0131f Ak\u0131m Sistemleri<\/span><\/li>\n<li><span style=\"color: #ffffff;\">Alarm ve Haber Alma Merkezi<\/span><\/li>\n<li><span style=\"color: #ffffff;\">IOT Hizmetleri<\/span><\/li>\n<li><span style=\"color: #ffffff;\">Bilgi Teknolojileri<\/span><\/li>\n<li><span style=\"color: #ffffff;\">Hakk\u0131m\u0131zda<\/span><\/li>\n<li><span style=\"color: #ffffff;\">\u0130leti\u015fim<\/span><\/li>\n<\/ul>\n<\/div>\n<\/div><\/div><\/div><div id=\"pgc-w626178de063f0-0-2\"  class=\"panel-grid-cell\" ><div id=\"panel-w626178de063f0-0-2-0\" class=\"so-panel widget widget_sow-editor panel-first-child panel-last-child\" data-index=\"2\" ><div class=\"so-widget-sow-editor so-widget-sow-editor-base\">\n<div class=\"siteorigin-widget-tinymce textwidget\">\n\t<h4><span style=\"color: #ffffff;\">Bize Ula\u015f\u0131n\u00a0<\/span><\/h4>\n<p><span style=\"color: #ffffff;\">Adresimiz :\u00a01145\/9 Sokak No:2 D.52 Eldenler \u0130\u015fmerkezi Konak \/ \u0130zmir<\/span><\/p>\n<p><span style=\"color: #ffffff;\">Telefon : 444 95 21<\/span><\/p>\n<p><span style=\"color: #ffffff;\">Email : <a style=\"color: #ffffff;\" href=\"https:\/\/wdrteknoloji.com.tr\/demo\/\">teknoloji@wdrteknoloji.com.tr<\/a><\/span><\/p>\n<\/div>\n<\/div><\/div><\/div><div id=\"pgc-w626178de063f0-0-3\"  class=\"panel-grid-cell\" ><div id=\"panel-w626178de063f0-0-3-0\" class=\"so-panel widget widget_sow-editor panel-first-child panel-last-child\" data-index=\"3\" ><div class=\"so-widget-sow-editor so-widget-sow-editor-base\">\n<div class=\"siteorigin-widget-tinymce textwidget\">\n\t<p><iframe src=\"https:\/\/www.google.com\/maps\/embed?pb=!1m18!1m12!1m3!1d12502.870618341543!2d27.159960869775382!3d38.42488940000001!2m3!1f0!2f0!3f0!3m2!1i1024!2i768!4f13.1!3m3!1m2!1s0x14bbd9be872d20b1%3A0xbb829db129870ad6!2sWDR%20TEKNOLOJ%C4%B0!5e0!3m2!1str!2str!4v1650554860426!5m2!1str!2str\" width=\"250\" height=\"300\" style=\"border:0;\" allowfullscreen=\"\" loading=\"lazy\" referrerpolicy=\"no-referrer-when-downgrade\"><\/iframe><\/p>\n<\/div>\n<\/div><\/div><\/div><\/div><\/div><\/div><\/div><div id=\"pgc-22-5-2\"  class=\"panel-grid-cell panel-grid-cell-empty\" ><\/div><\/div><\/div><\/div><\/div>","protected":false},"excerpt":{"rendered":"<p>WDR Teknoloji WDR Teknoloji, T\u00fcm T\u00fcrkiyedeki servis a\u011f\u0131yla elektronik g\u00fcvenlik teknolojileri , IOT, Bili\u015fim ve<a href=\"https:\/\/wdrteknoloji.com.tr\/\" class=\"bizsmart-read-more\">Continue Reading<i class=\"fa fa-long-arrow-right\" aria-hidden=\"true\"><\/i><\/a><\/p>\n","protected":false},"author":1,"featured_media":0,"parent":0,"menu_order":0,"comment_status":"closed","ping_status":"closed","template":"page-templates\/full-width.php","meta":[],"_links":{"self":[{"href":"https:\/\/wdrteknoloji.com.tr\/index.php\/wp-json\/wp\/v2\/pages\/22"}],"collection":[{"href":"https:\/\/wdrteknoloji.com.tr\/index.php\/wp-json\/wp\/v2\/pages"}],"about":[{"href":"https:\/\/wdrteknoloji.com.tr\/index.php\/wp-json\/wp\/v2\/types\/page"}],"author":[{"embeddable":true,"href":"https:\/\/wdrteknoloji.com.tr\/index.php\/wp-json\/wp\/v2\/users\/1"}],"replies":[{"embeddable":true,"href":"https:\/\/wdrteknoloji.com.tr\/index.php\/wp-json\/wp\/v2\/comments?post=22"}],"version-history":[{"count":118,"href":"https:\/\/wdrteknoloji.com.tr\/index.php\/wp-json\/wp\/v2\/pages\/22\/revisions"}],"predecessor-version":[{"id":430,"href":"https:\/\/wdrteknoloji.com.tr\/index.php\/wp-json\/wp\/v2\/pages\/22\/revisions\/430"}],"wp:attachment":[{"href":"https:\/\/wdrteknoloji.com.tr\/index.php\/wp-json\/wp\/v2\/media?parent=22"}],"curies":[{"name":"wp","href":"https:\/\/api.w.org\/{rel}","templated":true}]}}